ainder when 52026 is divided by 24740.
2546
Calculate the remainder when 19013382 is divided by 20848.
6
What is the remainder when 2908 is divided by 169?
35
What is the remainder when 1634749 is divided by 181638?
7
What is the remainder when 353755 is divided by 611?
597
What is the remainder when 298940 is divided by 4922?
3620
Calculate the remainder when 35393 is divided by 3016.
2217
What is the remainder when 9163604 is divided by 302?
18
Calculate the remainder when 20669189 is divided by 18340.
9
What is the remainder when 473233 is divided by 300?
133
What is the remainder when 918082 is divided by 152975?
232
Calculate the remainder when 11400644 is divided by 668.
556
What is the remainder when 2068861 is divided by 399?
46
Calculate the remainder when 8636 is divided by 1465.
1311
Calculate the remainder when 3674646 is divided by 1052.
10
Calculate the remainder when 173908 is divided by 34621.
803
Calculate the remainder when 14559700 is divided by 292.
288
What is the remainder when 888025 is divided by 296002?
19
Calculate the remainder when 817098722 is divided by 641.
638
What is the remainder when 1711538 is divided by 27167?
17
Calculate the remainder when 574895 is divided by 4831.
6
Calculate the remainder when 3335092 is divided by 4190.
4042
What is the remainder when 331408430 is divided by 1791?
1790
Calculate the remainder when 114064 is divided by 56888.
288
Calculate the remainder when 5725952 is divided by 354.
2
What is the remainder when 2675392 is divided by 334164?
2080
What is the remainder when 328889 is divided by 400?
89
Calculate the remainder when 1248973737 is divided by 12.
9
Calculate the remainder when 52816449 is divided by 7545205.
14
Calculate the remainder when 57688 is divided by 57648.
40
What is the remainder when 88240 is divided by 78470?
9770
Calculate the remainder when 160242 is divided by 11488.
10898
Calculate the remainder when 6912393 is divided by 247.
98
What is the remainder when 1763226 is divided by 880356?
2514
What is the remainder when 32121099 is divided by 11239?
37
Calculate the remainder when 263583 is divided by 361.
53
Calculate the remainder when 297135824 is divided by 859.
852
Calculate the remainder when 8168114 is divided by 1633617.
29
What is the remainder when 167426 is divided by 1272?
794
What is the remainder when 7394591 is divided by 12533?
121
Calculate the remainder when 1300535 is divided by 757.
9
Calculate the remainder when 2626533 is divided by 431.
19
What is the remainder when 611596 is divided by 582?
496
Calculate the remainder when 27067 is divided by 1231.
1216
What is the remainder when 7189299 is divided by 6006?
117
What is the remainder when 12671073 is divided by 300?
273
What is the remainder when 4455845 is divided by 49?
30
What is the remainder when 238578 is divided by 44?
10
What is the remainder when 680369 is divided by 170067?
101
What is the remainder when 152553 is divided by 5864?
89
What is the remainder when 47111 is divided by 6916?
5615
Calculate the remainder when 290478 is divided by 16.
14
Calculate the remainder when 66452329 is divided by 33.
31
Calculate the remainder when 470568 is divided by 2801.
0
Calculate the remainder when 14177545 is divided by 114335.
5
Calculate the remainder when 17686531 is divided by 62058.
1
Calculate the remainder when 599762 is divided by 7224.
170
What is the remainder when 60399 is divided by 10056?
63
What is the remainder when 779761 is divided by 257?
23
Calculate the remainder when 2907948 is divided by 95.
93
Calculate the remainder when 63578 is divided by 3968.
90
Calculate the remainder when 654225 is divided by 961.
745
Calculate the remainder when 54013 is divided by 905.
618
Calculate the remainder when 10416227 is divided by 39.
29
What is the remainder when 2339245 is divided by 2?
1
What is the remainder when 141067 is divided by 421?
32
Calculate the remainder when 73290 is divided by 35221.
2848
Calculate the remainder when 4835419 is divided by 1319.
1284
What is the remainder when 112742 is divided by 10415?
8592
What is the remainder when 13378823 is divided by 370?
363
Calculate the remainder when 130416 is divided by 24798.
6426
What is the remainder when 3142373 is divided by 125?
123
Calculate the remainder when 107183 is divided by 53452.
279
What is the remainder when 96201094 is divided by 204?
202
Calculate the remainder when 246393 is divided by 1850.
343
What is the remainder when 19536213 is divided by 6512065?
18
Calculate the remainder when 2827043 is divided by 686.
37
Calculate the remainder when 234922 is divided by 496.
314
Calculate the remainder when 23565073 is divided by 1472817.
1
Calculate the remainder when 10103329 is divided by 474.
19
Calculate the remainder when 68228 is divided by 145.
78
What is the remainder when 17312 is divided by 3252?
1052
Calculate the remainder when 3397557 is divided by 45.
12
What is the remainder when 111768 is divided by 391?
333
Calculate the remainder when 1571867 is divided by 34926.
197
Calculate the remainder when 7142 is divided by 2297.
251
Calculate the remainder when 7624589 is divided by 3812223.
143
Calculate the remainder when 18886 is divided by 18630.
256
What is the remainder when 1311996 is divided by 1086?
108
What is the remainder when 118839 is divided by 2577?
297
What is the remainder when 413227 is divided by 1736?
59
Calculate the remainder when 20724277 is divided by 430.
427
What is the remainder when 937059 is divided by 967?
36
What is the remainder when 681094 is divided by 340423?
248
What is the remainder when 53983331 is divided by 31?
24
Calculate the remainder when 9896 is divided by 716.
588
What is the remainder when 211228 is divided by 8857?
7517
What is the remainder when 283458 is divided by 744?
738
Calculate the remainder when 364370 is divided by 182025.
320
Calculate the remainder when 464924 is divided by 2735.
2709
Calculate the remainder when 264338 is divided by 1173.
413
Calculate the remainder when 23818 is divided by 4171.
2963
What is the remainder when 156095038 is divided by 3324?
3322
What is the remainder when 671489 is divided by 26858?
39
Calculate the remainder when 1263822965 is divided by 14.
13
What is the remainder when 30358 is divided by 203?
111
Calculate the remainder when 43289509 is divided by 2221.
2219
What is the remainder when 588325 is divided by 34606?
23
What is the remainder when 3018476 is divided by 173?
145
Calculate the remainder when 4884824 is divided by 2822.
2764
Calculate the remainder when 7380 is divided by 275.
230
Calculate the remainder when 101758579 is divided by 296.
291
What is the remainder when 144595 is divided by 35829?
1279
Calculate the remainder when 1731819 is divided by 40256.
811
What is the remainder when 20356242 is divided by 315?
312
Calculate the remainder when 41129442 is divided by 621.
612
Calculate the remainder when 22265 is divided by 286.
243
What is the remainder when 2348780 is divided by 455?
70
What is the remainder when 43961 is divided by 43654?
307
Calculate the remainder when 661797 is divided by 169.
162
What is the remainder when 7905 is divided by 566?
547
What is the remainder when 63297 is divided by 634?
531
What is the remainder when 112584 is divided by 682?
54
What is the remainder when 150358985 is divided by 1742?
1739
What is the remainder when 691096 is divided by 8856?
328
What is the remainder when 32363805 is divided by 1703?
1696
Calculate the remainder when 3033215 is divided by 1208.
1135
What is the remainder when 130455 is divided by 9318?
3
Calculate the remainder when 3308912 is divided by 13026.
308
What is the remainder when 408432 is divided by 2938?
50
Calculate the remainder when 179254128 is divided by 13737.
15
What is the remainder when 31639 is divided by 31511?
128
Calculate the remainder when 242049 is divided by 80424.
777
What is the remainder when 6550633 is divided by 344?
185
Calculate the remainder when 56951 is divided by 52451.
4500
Calculate the remainder when 665912 is divided by 1457.
63
Calculate the remainder when 1043049 is divided by 281.
258
What is the remainder when 464695418 is divided by 1421?
1419
What is the remainder when 48